git of 536296851?
5
What is the units digit of 1139377811?
1
What is the hundreds digit of 160890349?
3
What is the ten thousands digit of 32559468?
5
What is the tens digit of 93973462?
6
What is the millions digit of 139795349?
9
What is the thousands digit of 729228621?
8
What is the tens digit of 69268488?
8
What is the units digit of 121797588?
8
What is the billions digit of 5556148109?
5
What is the billions digit of 2180146699?
2
What is the millions digit of 1274604421?
4
What is the units digit of 129300770?
0
What is the millions digit of 904034025?
4
What is the millions digit of 106087763?
6
What is the hundred thousands digit of 335323519?
3
What is the ten millions digit of 1694704767?
9
What is the ten thousands digit of 57139531?
3
What is the units digit of 145684568?
8
What is the hundreds digit of 696969369?
3
What is the millions digit of 209582013?
9
What is the thousands digit of 83243710?
3
What is the billions digit of 5094466232?
5
What is the tens digit of 44810794?
9
What is the ten millions digit of 1766998248?
6
What is the tens digit of 3952061312?
1
What is the units digit of 405550840?
0
What is the ten thousands digit of 49477703?
7
What is the hundreds digit of 2350707354?
3
What is the ten millions digit of 2667358516?
6
What is the ten thousands digit of 83723200?
2
What is the hundreds digit of 274239631?
6
What is the hundred thousands digit of 111070198?
0
What is the hundred thousands digit of 533898175?
8
What is the hundred millions digit of 3069354884?
0
What is the hundred millions digit of 347385710?
3
What is the thousands digit of 207053680?
3
What is the ten millions digit of 57449305?
5
What is the hundred thousands digit of 80238489?
2
What is the hundreds digit of 573945163?
1
What is the thousands digit of 105239716?
9
What is the hundred millions digit of 485167956?
4
What is the millions digit of 289357463?
9
What is the units digit of 1615230792?
2
What is the millions digit of 260000454?
0
What is the units digit of 88803328?
8
What is the hundreds digit of 99656778?
7
What is the ten thousands digit of 1572795304?
9
What is the units digit of 1604423690?
0
What is the ten thousands digit of 1001569551?
6
What is the ten millions digit of 4607498582?
0
What is the hundred thousands digit of 572254434?
2
What is the units digit of 98656073?
3
What is the thousands digit of 2199387572?
7
What is the tens digit of 225087449?
4
What is the hundreds digit of 196570503?
5
What is the ten thousands digit of 154634472?
3
What is the ten thousands digit of 2711179877?
7
What is the hundreds digit of 3430476250?
2
What is the thousands digit of 118593687?
3
What is the billions digit of 1318906329?
1
What is the hundreds digit of 230388636?
6
What is the hundred millions digit of 3920552457?
9
What is the ten millions digit of 27776635?
2
What is the ten thousands digit of 16978559?
7
What is the ten thousands digit of 37443942?
4
What is the hundred thousands digit of 309010318?
0
What is the ten thousands digit of 1884324269?
2
What is the ten millions digit of 28854088?
2
What is the thousands digit of 151642170?
2
What is the millions digit of 128557477?
8
What is the hundred thousands digit of 8291075?
2
What is the tens digit of 17360786?
8
What is the thousands digit of 9118050?
8
What is the ten thousands digit of 559307570?
0
What is the units digit of 1249546?
6
What is the tens digit of 3074037854?
5
What is the millions digit of 424417813?
4
What is the units digit of 218158938?
8
What is the ten millions digit of 163474132?
6
What is the millions digit of 1351115095?
1
What is the tens digit of 52267372?
7
What is the units digit of 308219697?
7
What is the hundred thousands digit of 2823958866?
9
What is the ten thousands digit of 441015?
4
What is the ten thousands digit of 1840575509?
7
What is the thousands digit of 241264236?
4
What is the tens digit of 2286961185?
8
What is the units digit of 15661733?
3
What is the thousands digit of 97143998?
3
What is the hundreds digit of 2793631986?
9
What is the ten millions digit of 59741330?
5
What is the billions digit of 4855054232?
4
What is the units digit of 40686407?
7
What is the millions digit of 470706923?
0
What is the ten thousands digit of 1613925371?
2
What is the units digit of 68326517?
7
What is the hundreds digit of 52339012?
0
What is the tens digit of 4499987184?
8
What is the millions digit of 352854506?
2
What is the millions digit of 105206355?
5
What is the tens digit of 1499840423?
2
What is the ten millions digit of 214766300?
1
What is the hundred millions digit of 137330664?
1
What is the hundred thousands digit of 64010702?
0
What is the hundreds digit of 4114188?
1
What is the tens digit of 4954248?
4
What is the tens digit of 4948557996?
9
What is the hundred thousands digit of 2430538046?
5
What is the hundred millions digit of 366649330?
3
What is the hundred thousands digit of 31275873?
2
What is the ten millions digit of 3250569402?
5
What is the millions digit of 45100134?
5
What is the thousands digit of 59373136?
3
What is the units digit of 3047521728?
8
What is the ten thousands digit of 291464822?
6
What is the hundred thousands digit of 374833727?
8
What is the thousands digit of 1318072229?
2
What is the hundreds digit of 414587891?
8
What is the units digit of 42476784?
4
What is the hundred millions digit of 333427913?
3
What is the ten thousands digit of 6846070353?
7
What is the ten thousands digit of 173215001?
1
What is the hundred thousands digit of 240346780?
3
What is the thousands digit of 1283753708?
3
What is the hundred thousands digit of 29295032?
2
What is the ten millions digit of 138686625?
3
What is the hundred thousands digit of 47952246?
9
What is the ten millions digit of 23797207?
2
What is the hundred millions digit of 4957890259?
9
What is the ten millions digit of 65923560?
6
What is the ten millions digit of 1277689921?
7
What is the hundreds digit of 2422109162?
1
What is the thousands digit of 173949181?
9
What is the hundred thousands digit of 79819889?
8
What is the hundred millions digit of 140143960?
1
What is the thousands digit of 1710662560?
2
What is the units digit of 953759239?
9
What is the thousands digit of 40040698?
0
What is the ten millions digit of 131594498?
3
What is the billions digit of 1733506808?
1
What is the units digit of 465810740?
0
What is the hundred thousands digit of 1565177477?
1
What is the millions digit of 26799010?
6
What is the thousands digit of 53483170?
3
What is the ten thousands digit of 34179430?
7
What is the tens digit of 70228902?
0
What is the units digit of 7884763014?
4
What is the thousands digit of 88873588?
3
What is the millions digit of 32489419?
2
What is the units digit of 52389151?
1
What is the thousands digit of 411052492?
2
What is the hundreds digit of 808780109?
1
What is the ten millions digit of 6095025087?
9
What is the hundred thousands digit of 528059548?
0
What is the tens digit of 7225268301?
0
What is the ten millions digit of 4046988726?
4
What is the units digit of 77094940?
0
What is the hundreds digit of 5377169084?
0
What is the thousands digit of 121297221?
7
What is the hundreds digit of 28651890?
8
What is the tens digit of 34525832?
3
What is the hundred thousands digit of 1524449047?
4
What is the hundreds digit of 90840386?
3
What is the thousands digit of 384325609?
5
What is the billions digit of 2130916534?
2
What is the thousands digit of 521487177?
7
What is the billions digit of 1858386710?
1
What is the ten thousands digit of 1285902077?
0
What is the hundred thousands digit of 106380901?
3
What is the billions digit of 2439661103?
2
What is the hundred millions digit of 213639756?
2
What is the hundred millions digit of 1012355535?
0
What is the tens digit of 1016838177?
7
What is the tens digit of 93479308?
0
What is the units digit of 71096191?
1
What is the millions digit of 7860139435?
0
What is the hundreds digit of 86285641?
6
What is the thousands digit of 2039182208?
2
What is the millions digit of 5147423100?
7
What is the tens digit of 5287912373?
7
What is the hundred thousands digit of 126028820?
0
What is the hundred millions digit of 261814444?
2
What is the ten